{"id":22,"date":"2018-09-28T20:37:17","date_gmt":"2018-09-28T20:37:17","guid":{"rendered":"https:\/\/ecrevis.eco\/site\/?page_id=22"},"modified":"2026-04-27T14:21:52","modified_gmt":"2026-04-27T12:21:52","slug":"home","status":"publish","type":"page","link":"https:\/\/ecrevis.eco\/site\/","title":{"rendered":"Bienvenue \u00e0 l&rsquo;ECREVIS"},"content":{"rendered":"\n<h2 class=\"wp-block-heading has-text-align-center has-text-color has-link-color has-medium-font-size wp-elements-5669580ee34faa3484fc4684b8bfdc77\" style=\"color:#203983\">Penser et cr\u00e9er un autre mod\u00e8le de soci\u00e9t\u00e9, plus juste et solidaire, avec les communs<\/h2>\n\n\n<div class=\"wp-block-image\">\n<figure class=\"aligncenter size-full is-resized\"><img fetchpriority=\"high\" decoding=\"async\" width=\"2000\" height=\"1500\" src=\"https:\/\/ecrevis.eco\/site\/wp-content\/uploads\/2025\/12\/campagne-Facebook.jpg\" alt=\"\" class=\"wp-image-7276\" style=\"width:718px;height:auto\" srcset=\"https:\/\/ecrevis.eco\/site\/wp-content\/uploads\/2025\/12\/campagne-Facebook.jpg 2000w, https:\/\/ecrevis.eco\/site\/wp-content\/uploads\/2025\/12\/campagne-Facebook-300x225.jpg 300w, https:\/\/ecrevis.eco\/site\/wp-content\/uploads\/2025\/12\/campagne-Facebook-1024x768.jpg 1024w, https:\/\/ecrevis.eco\/site\/wp-content\/uploads\/2025\/12\/campagne-Facebook-768x576.jpg 768w, https:\/\/ecrevis.eco\/site\/wp-content\/uploads\/2025\/12\/campagne-Facebook-1536x1152.jpg 1536w\" sizes=\"(max-width: 2000px) 100vw, 2000px\" \/><\/figure><\/div>\n\n\n<h2 class=\"wp-block-heading has-text-align-center has-text-color has-link-color has-medium-font-size wp-elements-6ddac1477347f085aa4b81f10bc3ed04\" style=\"color:#203983\">En cette fin d&rsquo;ann\u00e9e, nous lan\u00e7ons une campagne de financement pour aider \u00e0 financer l&rsquo;ann\u00e9e \u00e0 venir.<br>Vous pouvez nous aider !<\/h2>\n\n\n\n<div class=\"wp-block-buttons is-content-justification-center is-layout-flex wp-container-core-buttons-is-layout-1 wp-block-buttons-is-layout-flex\">\n<div class=\"wp-block-button is-style-outline\"><a class=\"wp-block-button__link has-white-color has-text-color has-background has-link-color has-text-align-center wp-element-button\" href=\"https:\/\/ecrevis.eco\/site\/campagne-don\/\" style=\"background-color:#dc3b23\">&gt;&gt; Par ici pour les infos et pour faire un don &lt;&lt;<\/a><\/div>\n<\/div>\n\n\n\n<div style=\"height:21px\" aria-hidden=\"true\" class=\"wp-block-spacer\"><\/div>\n\n\n<div class=\"wp-block-image\">\n<figure class=\"aligncenter size-full is-resized\"><img decoding=\"async\" width=\"1140\" height=\"1356\" src=\"https:\/\/ecrevis.eco\/site\/wp-content\/uploads\/2025\/06\/Capture-decran-2025-06-27-150323-1.png\" alt=\"\" class=\"wp-image-6714\" style=\"width:718px;height:auto\" srcset=\"https:\/\/ecrevis.eco\/site\/wp-content\/uploads\/2025\/06\/Capture-decran-2025-06-27-150323-1.png 1140w, https:\/\/ecrevis.eco\/site\/wp-content\/uploads\/2025\/06\/Capture-decran-2025-06-27-150323-1-252x300.png 252w, https:\/\/ecrevis.eco\/site\/wp-content\/uploads\/2025\/06\/Capture-decran-2025-06-27-150323-1-861x1024.png 861w, https:\/\/ecrevis.eco\/site\/wp-content\/uploads\/2025\/06\/Capture-decran-2025-06-27-150323-1-768x914.png 768w\" sizes=\"(max-width: 1140px) 100vw, 1140px\" \/><\/figure><\/div>\n\n\n<p><\/p>\n\n\n<div class=\"wp-block-image\">\n<figure class=\"aligncenter size-full is-resized\"><img decoding=\"async\" width=\"1148\" height=\"1202\" src=\"https:\/\/ecrevis.eco\/site\/wp-content\/uploads\/2025\/06\/Capture-decran-2025-06-27-150847-1.png\" alt=\"\" class=\"wp-image-6715\" style=\"width:698px;height:auto\" srcset=\"https:\/\/ecrevis.eco\/site\/wp-content\/uploads\/2025\/06\/Capture-decran-2025-06-27-150847-1.png 1148w, https:\/\/ecrevis.eco\/site\/wp-content\/uploads\/2025\/06\/Capture-decran-2025-06-27-150847-1-287x300.png 287w, https:\/\/ecrevis.eco\/site\/wp-content\/uploads\/2025\/06\/Capture-decran-2025-06-27-150847-1-978x1024.png 978w, https:\/\/ecrevis.eco\/site\/wp-content\/uploads\/2025\/06\/Capture-decran-2025-06-27-150847-1-768x804.png 768w\" sizes=\"(max-width: 1148px) 100vw, 1148px\" \/><\/figure><\/div>\n\n\n<div class=\"wp-block-columns is-layout-flex wp-container-core-columns-is-layout-1 wp-block-columns-is-layout-flex\">\n<div class=\"wp-block-column is-layout-flow wp-block-column-is-layout-flow\" style=\"flex-basis:10%\"><\/div>\n\n\n\n<div class=\"wp-block-column is-layout-flow wp-block-column-is-layout-flow\" style=\"flex-basis:80%\">\n<h1 class=\"wp-block-heading has-text-align-center has-text-color\" style=\"color:#203983\">Soutenez notre campagne de dons&nbsp;!<\/h1>\n\n\n\n<p>Apr\u00e8s avoir r\u00e9ussi le pari fou du rachat, nous avons fait de grands travaux d\u2019am\u00e9nagement et d\u2019isolation ext\u00e9rieure. Nous avons \u00e9galement continuer de d\u00e9velopper nos activit\u00e9s et comptons bien continuer sur notre lanc\u00e9e !<\/p>\n\n\n\n<p>C\u2019est pourquoi nous faisons aujourd\u2019hui appel \u00e0 votre g\u00e9n\u00e9rosit\u00e9 en vous proposant de nous soutenir en faisant un don sur notre page de collecte HelloAsso, et\/ou en relayant la campagne aupr\u00e8s de vos proches. <br><br><em>Les dons sont d\u00e9fiscalisables \u00e0 hauteur de 66%, ainsi un don de 50\u20ac ne revient qu&rsquo;\u00e0 16,20\u20ac apr\u00e8s d\u00e9fiscalisation !<\/em><\/p>\n\n\n\n<p class=\"has-vivid-cyan-blue-color has-text-color has-link-color wp-elements-9d9b07799368861af0220680246650c8\"><a href=\"https:\/\/www.helloasso.com\/associations\/atelier-36\/formulaires\/3\"><strong>Foncez d\u00e9couvrir ce que nous avons fait et nos projets \u00e0 venir !<\/strong><\/a><\/p>\n\n\n\n<figure class=\"wp-block-image size-large\"><img loading=\"lazy\" decoding=\"async\" width=\"1024\" height=\"683\" src=\"https:\/\/ecrevis.eco\/site\/wp-content\/uploads\/2024\/12\/ITE-2-1024x683.jpg\" alt=\"\" class=\"wp-image-6340\" srcset=\"https:\/\/ecrevis.eco\/site\/wp-content\/uploads\/2024\/12\/ITE-2-1024x683.jpg 1024w, https:\/\/ecrevis.eco\/site\/wp-content\/uploads\/2024\/12\/ITE-2-300x200.jpg 300w, https:\/\/ecrevis.eco\/site\/wp-content\/uploads\/2024\/12\/ITE-2-768x512.jpg 768w, https:\/\/ecrevis.eco\/site\/wp-content\/uploads\/2024\/12\/ITE-2-1536x1024.jpg 1536w, https:\/\/ecrevis.eco\/site\/wp-content\/uploads\/2024\/12\/ITE-2-scaled.jpg 2048w\" sizes=\"(max-width: 1024px) 100vw, 1024px\" \/><\/figure>\n\n\n\n<p><br><\/p>\n\n\n\n<p><\/p>\n\n\n\n<p class=\"has-text-align-center has-pale-pink-color has-text-color\" style=\"font-size:18px\"><strong><mark style=\"background-color:rgba(0, 0, 0, 0);color:#0052a0\" class=\"has-inline-color\">Merci pour votre soutien dans la belle aventure de l&rsquo;ECREVIS. <\/mark><\/strong><br><strong><mark style=\"background-color:rgba(0, 0, 0, 0);color:#0052a0\" class=\"has-inline-color\">Vous pouvez encore nous aider en devenant b\u00e9n\u00e9vole ! <\/mark><\/strong><\/p>\n\n\n\n<p class=\"has-text-align-center\">Les nouvelleaux b\u00e9n\u00e9voles sont les bienvenu\u00b7es pour nous aider dans la vie quotidienne de l&rsquo;ECREVIS, <br>son organisation ou sur ses travaux d&rsquo;am\u00e9nagement.<\/p>\n<\/div>\n\n\n\n<div class=\"wp-block-column is-layout-flow wp-block-column-is-layout-flow\" style=\"flex-basis:10%\">\n<h2 class=\"wp-block-heading\"><\/h2>\n\n\n\n<p><\/p>\n<\/div>\n<\/div>\n\n\n\n<div class=\"wp-block-buttons is-content-justification-center is-layout-flex wp-container-core-buttons-is-layout-2 wp-block-buttons-is-layout-flex\">\n<div class=\"wp-block-button is-style-outline\"><a class=\"wp-block-button__link has-white-color has-text-color has-background has-link-color has-text-align-center wp-element-button\" href=\"https:\/\/ecrevis.eco\/site\/devenir-benevole\/\" style=\"background-color:#dc3b23\">&gt;&gt;  Par ici pour devenir b\u00e9n\u00e9vole &lt;&lt;<\/a><\/div>\n<\/div>\n\n\n\n<div style=\"height:22px\" aria-hidden=\"true\" class=\"wp-block-spacer\"><\/div>\n\n\n\n<div class=\"wp-block-columns is-layout-flex wp-container-core-columns-is-layout-2 wp-block-columns-is-layout-flex\">\n<div class=\"wp-block-column is-layout-flow wp-block-column-is-layout-flow\">\n<figure class=\"wp-block-embed is-type-wp-embed is-provider-l-039-ecrevis wp-block-embed-l-039-ecrevis\"><div class=\"wp-block-embed__wrapper\">\n<div class=\"oceanwp-oembed-wrap clr\"><blockquote class=\"wp-embedded-content\" data-secret=\"o4jcz5lSKr\"><a href=\"https:\/\/ecrevis.eco\/site\/home\/adhesion-a-lecrevis\/\">Adh\u00e9rer \u00e0 l&rsquo;ECREVIS<\/a><\/blockquote><iframe class=\"wp-embedded-content\" sandbox=\"allow-scripts\" security=\"restricted\" style=\"position: absolute; clip: rect(1px, 1px, 1px, 1px);\" title=\"\u00ab\u00a0Adh\u00e9rer \u00e0 l&rsquo;ECREVIS\u00a0\u00bb &#8212; L&#039;ECREVIS\" src=\"https:\/\/ecrevis.eco\/site\/home\/adhesion-a-lecrevis\/embed\/#?secret=sPbwgnHw0h#?secret=o4jcz5lSKr\" data-secret=\"o4jcz5lSKr\" width=\"600\" height=\"338\" frameborder=\"0\" marginwidth=\"0\" marginheight=\"0\" scrolling=\"no\"><\/iframe><\/div>\n<\/div><\/figure>\n<\/div>\n\n\n\n<div class=\"wp-block-column is-layout-flow wp-block-column-is-layout-flow\">\n<figure class=\"wp-block-embed is-type-wp-embed is-provider-l-039-ecrevis wp-block-embed-l-039-ecrevis\"><div class=\"wp-block-embed__wrapper\">\n<div class=\"oceanwp-oembed-wrap clr\"><blockquote class=\"wp-embedded-content\" data-secret=\"xp80mTTJ9T\"><a href=\"https:\/\/ecrevis.eco\/site\/proposer-projet-ecrevis\/\">R\u00e9aliser un projet \u00e0 l&rsquo;ECREVIS<\/a><\/blockquote><iframe class=\"wp-embedded-content\" sandbox=\"allow-scripts\" security=\"restricted\" style=\"position: absolute; clip: rect(1px, 1px, 1px, 1px);\" title=\"\u00ab\u00a0R\u00e9aliser un projet \u00e0 l&rsquo;ECREVIS\u00a0\u00bb &#8212; L&#039;ECREVIS\" src=\"https:\/\/ecrevis.eco\/site\/proposer-projet-ecrevis\/embed\/#?secret=TUvEKiXBVg#?secret=xp80mTTJ9T\" data-secret=\"xp80mTTJ9T\" width=\"600\" height=\"338\" frameborder=\"0\" marginwidth=\"0\" marginheight=\"0\" scrolling=\"no\"><\/iframe><\/div>\n<\/div><\/figure>\n<\/div>\n\n\n\n<div class=\"wp-block-column is-layout-flow wp-block-column-is-layout-flow\">\n<figure class=\"wp-block-embed is-type-wp-embed is-provider-l-039-ecrevis wp-block-embed-l-039-ecrevis\"><div class=\"wp-block-embed__wrapper\">\n<div class=\"oceanwp-oembed-wrap clr\"><blockquote class=\"wp-embedded-content\" data-secret=\"Jcp9cfhjTc\"><a href=\"https:\/\/ecrevis.eco\/site\/agenda\/\">Agenda de l&rsquo;ECREVIS<\/a><\/blockquote><iframe class=\"wp-embedded-content\" sandbox=\"allow-scripts\" security=\"restricted\" style=\"position: absolute; clip: rect(1px, 1px, 1px, 1px);\" title=\"\u00ab\u00a0Agenda de l&rsquo;ECREVIS\u00a0\u00bb &#8212; L&#039;ECREVIS\" src=\"https:\/\/ecrevis.eco\/site\/agenda\/embed\/#?secret=G8PYVHVjrz#?secret=Jcp9cfhjTc\" data-secret=\"Jcp9cfhjTc\" width=\"600\" height=\"338\" frameborder=\"0\" marginwidth=\"0\" marginheight=\"0\" scrolling=\"no\"><\/iframe><\/div>\n<\/div><\/figure>\n<\/div>\n<\/div>\n\n\n\n<div style=\"height:52px\" aria-hidden=\"true\" class=\"wp-block-spacer\"><\/div>\n\n\n\n\n\n\n\n\n\n\n\n\n\n<h2 class=\"wp-block-heading\"><\/h2>\n","protected":false},"excerpt":{"rendered":"<p>Penser et cr\u00e9er un autre mod\u00e8le de soci\u00e9t\u00e9, plus juste et solidaire, avec les communs En cette fin d&rsquo;ann\u00e9e, nous lan\u00e7ons une campagne de financement pour aider \u00e0 financer l&rsquo;ann\u00e9e \u00e0 venir.Vous pouvez nous aider ! Soutenez notre campagne de dons&nbsp;! Apr\u00e8s avoir r\u00e9ussi le pari fou du rachat, nous avons fait de grands travaux [&hellip;]<\/p>\n","protected":false},"author":4,"featured_media":0,"parent":0,"menu_order":0,"comment_status":"closed","ping_status":"closed","template":"","meta":{"ocean_post_layout":"right-sidebar","ocean_both_sidebars_style":"","ocean_both_sidebars_content_width":0,"ocean_both_sidebars_sidebars_width":0,"ocean_sidebar":"0","ocean_second_sidebar":"0","ocean_disable_margins":"enable","ocean_add_body_class":"","ocean_shortcode_before_top_bar":"","ocean_shortcode_after_top_bar":"","ocean_shortcode_before_header":"","ocean_shortcode_after_header":"","ocean_has_shortcode":"","ocean_shortcode_after_title":"","ocean_shortcode_before_footer_widgets":"","ocean_shortcode_after_footer_widgets":"","ocean_shortcode_before_footer_bottom":"","ocean_shortcode_after_footer_bottom":"","ocean_display_top_bar":"default","ocean_display_header":"default","ocean_header_style":"","ocean_center_header_left_menu":"0","ocean_custom_header_template":"0","ocean_custom_logo":0,"ocean_custom_retina_logo":0,"ocean_custom_logo_max_width":0,"ocean_custom_logo_tablet_max_width":0,"ocean_custom_logo_mobile_max_width":0,"ocean_custom_logo_max_height":0,"ocean_custom_logo_tablet_max_height":0,"ocean_custom_logo_mobile_max_height":0,"ocean_header_custom_menu":"0","ocean_menu_typo_font_family":"0","ocean_menu_typo_font_subset":"","ocean_menu_typo_font_size":0,"ocean_menu_typo_font_size_tablet":0,"ocean_menu_typo_font_size_mobile":0,"ocean_menu_typo_font_size_unit":"px","ocean_menu_typo_font_weight":"","ocean_menu_typo_font_weight_tablet":"","ocean_menu_typo_font_weight_mobile":"","ocean_menu_typo_transform":"","ocean_menu_typo_transform_tablet":"","ocean_menu_typo_transform_mobile":"","ocean_menu_typo_line_height":0,"ocean_menu_typo_line_height_tablet":0,"ocean_menu_typo_line_height_mobile":0,"ocean_menu_typo_line_height_unit":"","ocean_menu_typo_spacing":0,"ocean_menu_typo_spacing_tablet":0,"ocean_menu_typo_spacing_mobile":0,"ocean_menu_typo_spacing_unit":"","ocean_menu_link_color":"","ocean_menu_link_color_hover":"","ocean_menu_link_color_active":"","ocean_menu_link_background":"","ocean_menu_link_hover_background":"","ocean_menu_link_active_background":"","ocean_menu_social_links_bg":"","ocean_menu_social_hover_links_bg":"","ocean_menu_social_links_color":"","ocean_menu_social_hover_links_color":"","ocean_disable_title":"default","ocean_disable_heading":"default","ocean_post_title":"","ocean_post_subheading":"","ocean_post_title_style":"","ocean_post_title_background_color":"","ocean_post_title_background":0,"ocean_post_title_bg_image_position":"","ocean_post_title_bg_image_attachment":"","ocean_post_title_bg_image_repeat":"","ocean_post_title_bg_image_size":"","ocean_post_title_height":0,"ocean_post_title_bg_overlay":0.5,"ocean_post_title_bg_overlay_color":"","ocean_disable_breadcrumbs":"default","ocean_breadcrumbs_color":"","ocean_breadcrumbs_separator_color":"","ocean_breadcrumbs_links_color":"","ocean_breadcrumbs_links_hover_color":"","ocean_display_footer_widgets":"default","ocean_display_footer_bottom":"default","ocean_custom_footer_template":"0","omw_enable_modal_window":"enable","footnotes":""},"yoast_head":"<!-- This site is optimized with the Yoast SEO plugin v24.5 - https:\/\/yoast.com\/wordpress\/plugins\/seo\/ -->\n<title>Bienvenue \u00e0 l&#039;ECREVIS - L&#039;ECREVIS<\/title>\n<meta name=\"robots\" content=\"index, follow, max-snippet:-1, max-image-preview:large, max-video-preview:-1\" \/>\n<link rel=\"canonical\" href=\"https:\/\/ecrevis.eco\/site\/\" \/>\n<meta property=\"og:locale\" content=\"fr_FR\" \/>\n<meta property=\"og:type\" content=\"article\" \/>\n<meta property=\"og:title\" content=\"Bienvenue \u00e0 l&#039;ECREVIS - L&#039;ECREVIS\" \/>\n<meta property=\"og:description\" content=\"Penser et cr\u00e9er un autre mod\u00e8le de soci\u00e9t\u00e9, plus juste et solidaire, avec les communs En cette fin d&rsquo;ann\u00e9e, nous lan\u00e7ons une campagne de financement pour aider \u00e0 financer l&rsquo;ann\u00e9e \u00e0 venir.Vous pouvez nous aider ! Soutenez notre campagne de dons&nbsp;! Apr\u00e8s avoir r\u00e9ussi le pari fou du rachat, nous avons fait de grands travaux [&hellip;]\" \/>\n<meta property=\"og:url\" content=\"https:\/\/ecrevis.eco\/site\/\" \/>\n<meta property=\"og:site_name\" content=\"L&#039;ECREVIS\" \/>\n<meta property=\"article:publisher\" content=\"https:\/\/www.facebook.com\/ecrevis.annecy\" \/>\n<meta property=\"article:modified_time\" content=\"2026-04-27T12:21:52+00:00\" \/>\n<meta property=\"og:image\" content=\"https:\/\/ecrevis.eco\/site\/wp-content\/uploads\/2025\/12\/campagne-Facebook.jpg\" \/>\n\t<meta property=\"og:image:width\" content=\"2000\" \/>\n\t<meta property=\"og:image:height\" content=\"1500\" \/>\n\t<meta property=\"og:image:type\" content=\"image\/jpeg\" \/>\n<meta name=\"twitter:card\" content=\"summary_large_image\" \/>\n<meta name=\"twitter:label1\" content=\"Dur\u00e9e de lecture estim\u00e9e\" \/>\n\t<meta name=\"twitter:data1\" content=\"3 minutes\" \/>\n<script type=\"application\/ld+json\" class=\"yoast-schema-graph\">{\"@context\":\"https:\/\/schema.org\",\"@graph\":[{\"@type\":\"WebPage\",\"@id\":\"https:\/\/ecrevis.eco\/site\/\",\"url\":\"https:\/\/ecrevis.eco\/site\/\",\"name\":\"Bienvenue \u00e0 l'ECREVIS - L&#039;ECREVIS\",\"isPartOf\":{\"@id\":\"https:\/\/ecrevis.eco\/site\/#website\"},\"primaryImageOfPage\":{\"@id\":\"https:\/\/ecrevis.eco\/site\/#primaryimage\"},\"image\":{\"@id\":\"https:\/\/ecrevis.eco\/site\/#primaryimage\"},\"thumbnailUrl\":\"https:\/\/ecrevis.eco\/site\/wp-content\/uploads\/2025\/12\/campagne-Facebook.jpg\",\"datePublished\":\"2018-09-28T20:37:17+00:00\",\"dateModified\":\"2026-04-27T12:21:52+00:00\",\"breadcrumb\":{\"@id\":\"https:\/\/ecrevis.eco\/site\/#breadcrumb\"},\"inLanguage\":\"fr-FR\",\"potentialAction\":[{\"@type\":\"ReadAction\",\"target\":[\"https:\/\/ecrevis.eco\/site\/\"]}]},{\"@type\":\"ImageObject\",\"inLanguage\":\"fr-FR\",\"@id\":\"https:\/\/ecrevis.eco\/site\/#primaryimage\",\"url\":\"https:\/\/ecrevis.eco\/site\/wp-content\/uploads\/2025\/12\/campagne-Facebook.jpg\",\"contentUrl\":\"https:\/\/ecrevis.eco\/site\/wp-content\/uploads\/2025\/12\/campagne-Facebook.jpg\",\"width\":2000,\"height\":1500},{\"@type\":\"BreadcrumbList\",\"@id\":\"https:\/\/ecrevis.eco\/site\/#breadcrumb\",\"itemListElement\":[{\"@type\":\"ListItem\",\"position\":1,\"name\":\"Accueil\",\"item\":\"https:\/\/ecrevis.eco\/site\/\"},{\"@type\":\"ListItem\",\"position\":2,\"name\":\"Bienvenue \u00e0 l&rsquo;ECREVIS\"}]},{\"@type\":\"WebSite\",\"@id\":\"https:\/\/ecrevis.eco\/site\/#website\",\"url\":\"https:\/\/ecrevis.eco\/site\/\",\"name\":\"L'ECREVIS\",\"description\":\"\",\"publisher\":{\"@id\":\"https:\/\/ecrevis.eco\/site\/#organization\"},\"potentialAction\":[{\"@type\":\"SearchAction\",\"target\":{\"@type\":\"EntryPoint\",\"urlTemplate\":\"https:\/\/ecrevis.eco\/site\/?s={search_term_string}\"},\"query-input\":{\"@type\":\"PropertyValueSpecification\",\"valueRequired\":true,\"valueName\":\"search_term_string\"}}],\"inLanguage\":\"fr-FR\"},{\"@type\":\"Organization\",\"@id\":\"https:\/\/ecrevis.eco\/site\/#organization\",\"name\":\"L'ECREVIS\",\"url\":\"https:\/\/ecrevis.eco\/site\/\",\"logo\":{\"@type\":\"ImageObject\",\"inLanguage\":\"fr-FR\",\"@id\":\"https:\/\/ecrevis.eco\/site\/#\/schema\/logo\/image\/\",\"url\":\"https:\/\/ecrevis.eco\/site\/wp-content\/uploads\/2019\/03\/cropped-LOGO-E-CRE-VIS-BLEU-1.jpg\",\"contentUrl\":\"https:\/\/ecrevis.eco\/site\/wp-content\/uploads\/2019\/03\/cropped-LOGO-E-CRE-VIS-BLEU-1.jpg\",\"width\":1529,\"height\":1174,\"caption\":\"L'ECREVIS\"},\"image\":{\"@id\":\"https:\/\/ecrevis.eco\/site\/#\/schema\/logo\/image\/\"},\"sameAs\":[\"https:\/\/www.facebook.com\/ecrevis.annecy\",\"https:\/\/www.instagram.com\/ecrevis.annecy\",\"https:\/\/www.linkedin.com\/company\/ecrevisannecy\/\"]}]}<\/script>\n<!-- \/ Yoast SEO plugin. -->","yoast_head_json":{"title":"Bienvenue \u00e0 l'ECREVIS - L&#039;ECREVIS","robots":{"index":"index","follow":"follow","max-snippet":"max-snippet:-1","max-image-preview":"max-image-preview:large","max-video-preview":"max-video-preview:-1"},"canonical":"https:\/\/ecrevis.eco\/site\/","og_locale":"fr_FR","og_type":"article","og_title":"Bienvenue \u00e0 l'ECREVIS - L&#039;ECREVIS","og_description":"Penser et cr\u00e9er un autre mod\u00e8le de soci\u00e9t\u00e9, plus juste et solidaire, avec les communs En cette fin d&rsquo;ann\u00e9e, nous lan\u00e7ons une campagne de financement pour aider \u00e0 financer l&rsquo;ann\u00e9e \u00e0 venir.Vous pouvez nous aider ! Soutenez notre campagne de dons&nbsp;! Apr\u00e8s avoir r\u00e9ussi le pari fou du rachat, nous avons fait de grands travaux [&hellip;]","og_url":"https:\/\/ecrevis.eco\/site\/","og_site_name":"L&#039;ECREVIS","article_publisher":"https:\/\/www.facebook.com\/ecrevis.annecy","article_modified_time":"2026-04-27T12:21:52+00:00","og_image":[{"width":2000,"height":1500,"url":"https:\/\/ecrevis.eco\/site\/wp-content\/uploads\/2025\/12\/campagne-Facebook.jpg","type":"image\/jpeg"}],"twitter_card":"summary_large_image","twitter_misc":{"Dur\u00e9e de lecture estim\u00e9e":"3 minutes"},"schema":{"@context":"https:\/\/schema.org","@graph":[{"@type":"WebPage","@id":"https:\/\/ecrevis.eco\/site\/","url":"https:\/\/ecrevis.eco\/site\/","name":"Bienvenue \u00e0 l'ECREVIS - L&#039;ECREVIS","isPartOf":{"@id":"https:\/\/ecrevis.eco\/site\/#website"},"primaryImageOfPage":{"@id":"https:\/\/ecrevis.eco\/site\/#primaryimage"},"image":{"@id":"https:\/\/ecrevis.eco\/site\/#primaryimage"},"thumbnailUrl":"https:\/\/ecrevis.eco\/site\/wp-content\/uploads\/2025\/12\/campagne-Facebook.jpg","datePublished":"2018-09-28T20:37:17+00:00","dateModified":"2026-04-27T12:21:52+00:00","breadcrumb":{"@id":"https:\/\/ecrevis.eco\/site\/#breadcrumb"},"inLanguage":"fr-FR","potentialAction":[{"@type":"ReadAction","target":["https:\/\/ecrevis.eco\/site\/"]}]},{"@type":"ImageObject","inLanguage":"fr-FR","@id":"https:\/\/ecrevis.eco\/site\/#primaryimage","url":"https:\/\/ecrevis.eco\/site\/wp-content\/uploads\/2025\/12\/campagne-Facebook.jpg","contentUrl":"https:\/\/ecrevis.eco\/site\/wp-content\/uploads\/2025\/12\/campagne-Facebook.jpg","width":2000,"height":1500},{"@type":"BreadcrumbList","@id":"https:\/\/ecrevis.eco\/site\/#breadcrumb","itemListElement":[{"@type":"ListItem","position":1,"name":"Accueil","item":"https:\/\/ecrevis.eco\/site\/"},{"@type":"ListItem","position":2,"name":"Bienvenue \u00e0 l&rsquo;ECREVIS"}]},{"@type":"WebSite","@id":"https:\/\/ecrevis.eco\/site\/#website","url":"https:\/\/ecrevis.eco\/site\/","name":"L'ECREVIS","description":"","publisher":{"@id":"https:\/\/ecrevis.eco\/site\/#organization"},"potentialAction":[{"@type":"SearchAction","target":{"@type":"EntryPoint","urlTemplate":"https:\/\/ecrevis.eco\/site\/?s={search_term_string}"},"query-input":{"@type":"PropertyValueSpecification","valueRequired":true,"valueName":"search_term_string"}}],"inLanguage":"fr-FR"},{"@type":"Organization","@id":"https:\/\/ecrevis.eco\/site\/#organization","name":"L'ECREVIS","url":"https:\/\/ecrevis.eco\/site\/","logo":{"@type":"ImageObject","inLanguage":"fr-FR","@id":"https:\/\/ecrevis.eco\/site\/#\/schema\/logo\/image\/","url":"https:\/\/ecrevis.eco\/site\/wp-content\/uploads\/2019\/03\/cropped-LOGO-E-CRE-VIS-BLEU-1.jpg","contentUrl":"https:\/\/ecrevis.eco\/site\/wp-content\/uploads\/2019\/03\/cropped-LOGO-E-CRE-VIS-BLEU-1.jpg","width":1529,"height":1174,"caption":"L'ECREVIS"},"image":{"@id":"https:\/\/ecrevis.eco\/site\/#\/schema\/logo\/image\/"},"sameAs":["https:\/\/www.facebook.com\/ecrevis.annecy","https:\/\/www.instagram.com\/ecrevis.annecy","https:\/\/www.linkedin.com\/company\/ecrevisannecy\/"]}]}},"_links":{"self":[{"href":"https:\/\/ecrevis.eco\/site\/wp-json\/wp\/v2\/pages\/22"}],"collection":[{"href":"https:\/\/ecrevis.eco\/site\/wp-json\/wp\/v2\/pages"}],"about":[{"href":"https:\/\/ecrevis.eco\/site\/wp-json\/wp\/v2\/types\/page"}],"author":[{"embeddable":true,"href":"https:\/\/ecrevis.eco\/site\/wp-json\/wp\/v2\/users\/4"}],"replies":[{"embeddable":true,"href":"https:\/\/ecrevis.eco\/site\/wp-json\/wp\/v2\/comments?post=22"}],"version-history":[{"count":100,"href":"https:\/\/ecrevis.eco\/site\/wp-json\/wp\/v2\/pages\/22\/revisions"}],"predecessor-version":[{"id":7365,"href":"https:\/\/ecrevis.eco\/site\/wp-json\/wp\/v2\/pages\/22\/revisions\/7365"}],"wp:attachment":[{"href":"https:\/\/ecrevis.eco\/site\/wp-json\/wp\/v2\/media?parent=22"}],"curies":[{"name":"wp","href":"https:\/\/api.w.org\/{rel}","templated":true}]}}