{"id":5502,"date":"2023-04-13T15:08:17","date_gmt":"2023-04-13T13:08:17","guid":{"rendered":"https:\/\/ecrevis.eco\/site\/?page_id=5502"},"modified":"2025-06-26T14:58:08","modified_gmt":"2025-06-26T12:58:08","slug":"obligations-investir-ecrevis","status":"publish","type":"page","link":"https:\/\/ecrevis.eco\/site\/avenir\/obligations-investir-ecrevis\/","title":{"rendered":"Obligations &#8211; Investir \u00e0 l&rsquo;ECREVIS"},"content":{"rendered":"\n<h1 class=\"wp-block-heading has-text-align-center has-large-font-size\">Investissements : les obligations <br>et si vous deveniez notre banque ?<\/h1>\n\n\n\n<div style=\"height:51px\" aria-hidden=\"true\" class=\"wp-block-spacer\"><\/div>\n\n\n\n<h2 class=\"wp-block-heading\">Qu&rsquo;est ce qu&rsquo;une obligation ?<\/h2>\n\n\n\n<ul>\n<li>Une obligation est un petit morceau de dette \u00e9mis par une entreprise. En \u00ab\u00a0prenant\u00a0\u00bb une obligation, on devient cr\u00e9ancier de l&rsquo;entreprise en question.<\/li>\n\n\n\n<li><strong>Pour nous, c\u2019est un moyen de diviser notre emprunt en plusieurs petits morceaux tout en \u00e9vitant la sp\u00e9culation li\u00e9e au march\u00e9 immobilier. <\/strong><\/li>\n\n\n\n<li><strong><mark style=\"background-color:rgba(0, 0, 0, 0)\" class=\"has-inline-color has-vivid-cyan-blue-color\">Pour vous, c&rsquo;est un bon moyen pour relocaliser votre \u00e9pargne dans un projet \u00e9cologique et social !<\/mark><\/strong><\/li>\n<\/ul>\n\n\n\n<div style=\"height:49px\" aria-hidden=\"true\" class=\"wp-block-spacer\"><\/div>\n\n\n\n<div class=\"wp-block-media-text alignwide is-stacked-on-mobile\" style=\"grid-template-columns:45% auto\"><figure class=\"wp-block-media-text__media\"><img fetchpriority=\"high\" decoding=\"async\" width=\"1024\" height=\"621\" src=\"https:\/\/ecrevis.eco\/site\/wp-content\/uploads\/2023\/04\/futur-ecre-1024x621.png\" alt=\"\" class=\"wp-image-5627 size-full\" srcset=\"https:\/\/ecrevis.eco\/site\/wp-content\/uploads\/2023\/04\/futur-ecre-1024x621.png 1024w, https:\/\/ecrevis.eco\/site\/wp-content\/uploads\/2023\/04\/futur-ecre-300x182.png 300w, https:\/\/ecrevis.eco\/site\/wp-content\/uploads\/2023\/04\/futur-ecre-768x465.png 768w, https:\/\/ecrevis.eco\/site\/wp-content\/uploads\/2023\/04\/futur-ecre-1536x931.png 1536w, https:\/\/ecrevis.eco\/site\/wp-content\/uploads\/2023\/04\/futur-ecre.png 1650w\" sizes=\"(max-width: 1024px) 100vw, 1024px\" \/><\/figure><div class=\"wp-block-media-text__content\">\n<h2 class=\"wp-block-heading\">Concr\u00e8tement, comment \u00e7a fonctionne&nbsp;?<\/h2>\n\n\n\n<ul>\n<li>Ici nous ne sommes donc plus dans l&rsquo;association, mais dans la soci\u00e9t\u00e9 que nous avons cr\u00e9\u00e9e et qui est propri\u00e9taire de la maison. <em>Nous l&rsquo;avons appel\u00e9e \u00ab\u00a0La Maison Commune\u00a0\u00bb. C&rsquo;est une SASU au capital variable.<\/em><\/li>\n\n\n\n<li>Rassurez vous, l&rsquo;association est la seule actionnaire de la soci\u00e9t\u00e9 ainsi que la pr\u00e9sidente de cette derni\u00e8re. Aucun risque de d\u00e9rive possible !<\/li>\n\n\n\n<li><strong>Chaque obligation a une valeur de 500 \u20ac<\/strong> et vous pouvez en prendre autant que vous voulez !<\/li>\n\n\n\n<li><strong><mark style=\"background-color:rgba(0, 0, 0, 0)\" class=\"has-inline-color has-vivid-cyan-blue-color\">Au bout des 5 ans, vous allez percevoir 3% d&rsquo;int\u00e9r\u00eats sur le montant plac\u00e9.<\/mark><\/strong><\/li>\n\n\n\n<li>En contrepartie, <strong>vous devez conserver vos obligations pour une dur\u00e9e de 5 ans.<\/strong> Arriv\u00e9 au terme des 5 ans, nous vous remboursons la totalit\u00e9 du montant plac\u00e9 ; <mark style=\"background-color:rgba(0, 0, 0, 0)\" class=\"has-inline-color has-vivid-cyan-blue-color\">ainsi pas de plus-value, pas de sp\u00e9culation ! <\/mark><\/li>\n\n\n\n<li>Par exemple :\n<ul>\n<li>vous d\u00e9cidez de prendre 20 obligations pour un montant total de 10 000 \u20ac,<\/li>\n\n\n\n<li>vous allez percevoir 1500\u20ac d&rsquo;int\u00e9r\u00eat sur 5 ans,<\/li>\n\n\n\n<li>puis au terme des 5 ans, nous vous rendons vos 10 000 \u20ac. <\/li>\n<\/ul>\n<\/li>\n<\/ul>\n<\/div><\/div>\n\n\n\n<div style=\"height:71px\" aria-hidden=\"true\" class=\"wp-block-spacer\"><\/div>\n\n\n\n<h2 class=\"wp-block-heading\">Comment prendre des obligations ?<\/h2>\n\n\n\n<p><strong>Apr\u00e8s avoir r\u00e9colt\u00e9 pr\u00e8s de 220 000 \u20ac en obligations, nous avons d\u00e9cid\u00e9 de suspendre l&rsquo;\u00e9mission d&rsquo;obligations ! <\/strong><\/p>\n\n\n\n<p>Si vous souhaitez \u00eatre inform\u00e9 de notre prochaine campagne, merci de vous enregistrer sur la liste d&rsquo;attente ci-dessous.<\/p>\n\n\n\n<div style=\"height:50px\" aria-hidden=\"true\" class=\"wp-block-spacer\"><\/div>\n\n\n\n<div class=\"wp-block-buttons is-content-justification-center is-layout-flex wp-container-core-buttons-is-layout-1 wp-block-buttons-is-layout-flex\">\n<div class=\"wp-block-button\"><a class=\"wp-block-button__link has-vivid-cyan-blue-background-color has-background wp-element-button\" href=\"https:\/\/ecrevis.eco\/site\/obligations-liste-dattente\/\"><strong>S&rsquo;enregistrer sur la liste d&rsquo;attente !<\/strong><\/a><\/div>\n<\/div>\n\n\n\n<div style=\"height:52px\" aria-hidden=\"true\" class=\"wp-block-spacer\"><\/div>\n\n\n\n<p>Le m\u00e9canisme des obligations, \u00e9mises par la soci\u00e9t\u00e9 La Maison Commune, SASU \u00e0 capital variable est encadr\u00e9 par <a href=\"https:\/\/ecrevis.eco\/site\/wp-content\/uploads\/2023\/05\/Contrat-demission-des-obligations-LMC.pdf\">le contrat d&rsquo;\u00e9mission des obligations<\/a>.<\/p>\n\n\n\n<p>Pour toute question, vous pouvez envoyer un email \u00e0 l&rsquo;adresse <strong><a href=\"mailto:investissements@ecrevis.eco\">investissements@ecrevis.eco<\/a><\/strong><\/p>\n\n\n\n<div style=\"height:41px\" aria-hidden=\"true\" class=\"wp-block-spacer\"><\/div>\n\n\n\n<h2 class=\"wp-block-heading\">Est-ce que c&rsquo;est risqu\u00e9 comme placement ?<\/h2>\n\n\n\n<ul>\n<li>Les obligations sont un m\u00e9canisme encadr\u00e9 par la loi ; plus d&rsquo;infos sur <a data-type=\"URL\" data-id=\"https:\/\/www.economie.gouv.fr\/particuliers\/placement-obligation\" href=\"https:\/\/www.economie.gouv.fr\/particuliers\/placement-obligation\">le site officiel du gouvernement<\/a>.<\/li>\n\n\n\n<li>Pour pouvoir \u00e9mettre des obligations, on a d\u00fb faire appel \u00e0 une avocate sp\u00e9cialis\u00e9e ainsi qu&rsquo;\u00e0 un commissaire aux comptes, autant vous dire que tout est r\u00e9glo !<\/li>\n\n\n\n<li>Les obligations sont encadr\u00e9es par un contrat r\u00e9capitulant tous les d\u00e9tails. Pour le lire, c&rsquo;est par ici ! (lien \u00e0 venir)<\/li>\n\n\n\n<li>Dans le cas extr\u00eame o\u00f9 il y ait un probl\u00e8me avec l&rsquo;entreprise ou l&rsquo;association, une proc\u00e9dure de liquidation serait lanc\u00e9e et les cr\u00e9anciers, c&rsquo;est-\u00e0 dire vous, seraient rembours\u00e9s en premier. Donc vraiment, vous pouvez dormir sur vos deux oreilles !<\/li>\n\n\n\n<li>Par mesure de s\u00e9curit\u00e9 on a pr\u00e9f\u00e9r\u00e9 \u00e9viter les conflits d&rsquo;int\u00e9r\u00eat potentiels entre les membres du bureau de l&rsquo;asso et l&rsquo;entreprise. Ceux-ci ne peuvent pas souscrire aux obligations\u2026 Pas de chance pour eux !<\/li>\n\n\n\n<li>Oui mais apr\u00e8s ? Au bout de 5 ans, on repart pour un nouveau tour d&rsquo;obligations ! A ce moment-l\u00e0, vous pourrez d\u00e9cider de r\u00e9cup\u00e9rer votre investissement ou bien de prendre de nouvelles obligations. Libre \u00e0 vous !<\/li>\n<\/ul>\n\n\n\n<div style=\"height:39px\" aria-hidden=\"true\" class=\"wp-block-spacer\"><\/div>\n\n\n\n<h2 class=\"wp-block-heading\">Et comment \u00e7a se passe niveau fiscalit\u00e9 et imposition ?<\/h2>\n\n\n\n<ul>\n<li>Avec le pr\u00e9l\u00e8vement \u00e0 la source on s&rsquo;occupe de tout, tu s&rsquo;occupes de rien !<\/li>\n\n\n\n<li>Les revenus des obligations sont soumis \u00e0 l&rsquo;imp\u00f4t sur les revenus (IR) \u00e0 hauteur de 12.8% et aux pr\u00e9l\u00e8vements sociaux \u00e0 hauteur de 17.2%.<\/li>\n\n\n\n<li>Donc quand vous percevez 100 \u20ac d&rsquo;int\u00e9r\u00eats, l&rsquo;\u00e9tat r\u00e9cup\u00e8re 30 \u20ac. Malheureusement, impossible d&rsquo;y \u00e9chapper\u2026<\/li>\n\n\n\n<li>A moins que vous n&rsquo;ayez demand\u00e9 une dispense de pr\u00e9l\u00e8vement en amont, c&rsquo;est la SAS qui s&rsquo;occupe de pr\u00e9lever \u00e0 la source le montant des taxes. Une proc\u00e9dure grandement simplifi\u00e9e pour vous !<\/li>\n<\/ul>\n\n\n\n<div style=\"height:41px\" aria-hidden=\"true\" class=\"wp-block-spacer\"><\/div>\n\n\n\n<h2 class=\"wp-block-heading\"><strong>Comment fonctionne l\u2019ECREVIS et comment se r\u00e9mun\u00e8re-t-elle&nbsp;?<\/strong><\/h2>\n\n\n\n<p class=\"has-text-align-left\">Cr\u00e9\u00e9 en 2018, l\u2019ECREVIS est un lieu unique tenu et g\u00e9r\u00e9 enti\u00e8rement par les b\u00e9n\u00e9voles. L\u2019endroit est ouvert \u00e0 toutes celles et ceux qui se reconnaissent dans ses valeurs, qui souhaitent participer \u00e0 des ateliers manuels, proposer leurs id\u00e9es et savoir-faire, assister \u00e0 une projection, se r\u00e9unir avec un collectif, cuisiner, rencontrer de nouvelles personnes, penser et co-construire le monde de demain\u2026<\/p>\n\n\n\n<p class=\"has-text-align-left\">Ce sont aussi 40 collectifs et associations qui s\u2019y r\u00e9unissent, plus de 2000 adh\u00e9rent\u00b7es, soit une communaut\u00e9 de plus de 7000 personnes qui animent une vingtaine d\u2019activit\u00e9s et \u00e9v\u00e9nements chaque semaine pour exp\u00e9rimenter de nouveaux modes <\/p>\n\n\n\n<p>Le financement de l\u2019ECREVIS est assur\u00e9 par divers apports&nbsp;: location d\u2019espaces, nombreux&nbsp;ateliers et \u00e9v\u00e9nements \u00e0 prix libre et conscient,&nbsp;adh\u00e9sions, dons\u2026 Ce syst\u00e8me permettait, jusqu\u2019en 2022, de payer un loyer de 2 000\u20ac par mois. En achetant la maison, il est n\u00e9cessaire d\u2019augmenter les revenus de l\u2019association en cons\u00e9quence. Le mod\u00e8le \u00e9conomique sera adapt\u00e9 pour inclure notamment la location de plusieurs espaces peu disponibles dans la r\u00e9gion, \u00e0 un prix abordable pour tous leurs usagers&nbsp;: espaces de coworking, salles de r\u00e9union, ateliers d\u2019artistes\u2026<\/p>\n\n\n\n<div style=\"height:39px\" aria-hidden=\"true\" class=\"wp-block-spacer\"><\/div>\n\n\n\n<div style=\"height:50px\" aria-hidden=\"true\" class=\"wp-block-spacer\"><\/div>\n","protected":false},"excerpt":{"rendered":"<p>Investissements : les obligations et si vous deveniez notre banque ? Qu&rsquo;est ce qu&rsquo;une obligation ? Comment prendre des obligations ? Apr\u00e8s avoir r\u00e9colt\u00e9 pr\u00e8s de 220 000 \u20ac en obligations, nous avons d\u00e9cid\u00e9 de suspendre l&rsquo;\u00e9mission d&rsquo;obligations ! Si vous souhaitez \u00eatre inform\u00e9 de notre prochaine campagne, merci de vous enregistrer sur la liste [&hellip;]<\/p>\n","protected":false},"author":4,"featured_media":0,"parent":4868,"menu_order":4,"comment_status":"closed","ping_status":"closed","template":"","meta":{"ocean_post_layout":"","ocean_both_sidebars_style":"","ocean_both_sidebars_content_width":0,"ocean_both_sidebars_sidebars_width":0,"ocean_sidebar":"0","ocean_second_sidebar":"0","ocean_disable_margins":"enable","ocean_add_body_class":"","ocean_shortcode_before_top_bar":"","ocean_shortcode_after_top_bar":"","ocean_shortcode_before_header":"","ocean_shortcode_after_header":"","ocean_has_shortcode":"","ocean_shortcode_after_title":"","ocean_shortcode_before_footer_widgets":"","ocean_shortcode_after_footer_widgets":"","ocean_shortcode_before_footer_bottom":"","ocean_shortcode_after_footer_bottom":"","ocean_display_top_bar":"default","ocean_display_header":"default","ocean_header_style":"","ocean_center_header_left_menu":"0","ocean_custom_header_template":"0","ocean_custom_logo":0,"ocean_custom_retina_logo":0,"ocean_custom_logo_max_width":0,"ocean_custom_logo_tablet_max_width":0,"ocean_custom_logo_mobile_max_width":0,"ocean_custom_logo_max_height":0,"ocean_custom_logo_tablet_max_height":0,"ocean_custom_logo_mobile_max_height":0,"ocean_header_custom_menu":"0","ocean_menu_typo_font_family":"0","ocean_menu_typo_font_subset":"","ocean_menu_typo_font_size":0,"ocean_menu_typo_font_size_tablet":0,"ocean_menu_typo_font_size_mobile":0,"ocean_menu_typo_font_size_unit":"px","ocean_menu_typo_font_weight":"","ocean_menu_typo_font_weight_tablet":"","ocean_menu_typo_font_weight_mobile":"","ocean_menu_typo_transform":"","ocean_menu_typo_transform_tablet":"","ocean_menu_typo_transform_mobile":"","ocean_menu_typo_line_height":0,"ocean_menu_typo_line_height_tablet":0,"ocean_menu_typo_line_height_mobile":0,"ocean_menu_typo_line_height_unit":"","ocean_menu_typo_spacing":0,"ocean_menu_typo_spacing_tablet":0,"ocean_menu_typo_spacing_mobile":0,"ocean_menu_typo_spacing_unit":"","ocean_menu_link_color":"","ocean_menu_link_color_hover":"","ocean_menu_link_color_active":"","ocean_menu_link_background":"","ocean_menu_link_hover_background":"","ocean_menu_link_active_background":"","ocean_menu_social_links_bg":"","ocean_menu_social_hover_links_bg":"","ocean_menu_social_links_color":"","ocean_menu_social_hover_links_color":"","ocean_disable_title":"default","ocean_disable_heading":"default","ocean_post_title":"","ocean_post_subheading":"","ocean_post_title_style":"","ocean_post_title_background_color":"","ocean_post_title_background":0,"ocean_post_title_bg_image_position":"","ocean_post_title_bg_image_attachment":"","ocean_post_title_bg_image_repeat":"","ocean_post_title_bg_image_size":"","ocean_post_title_height":0,"ocean_post_title_bg_overlay":0.5,"ocean_post_title_bg_overlay_color":"","ocean_disable_breadcrumbs":"default","ocean_breadcrumbs_color":"","ocean_breadcrumbs_separator_color":"","ocean_breadcrumbs_links_color":"","ocean_breadcrumbs_links_hover_color":"","ocean_display_footer_widgets":"default","ocean_display_footer_bottom":"default","ocean_custom_footer_template":"0","omw_enable_modal_window":"enable","footnotes":""},"yoast_head":"<!-- This site is optimized with the Yoast SEO plugin v24.5 - https:\/\/yoast.com\/wordpress\/plugins\/seo\/ -->\n<title>Obligations - Investir \u00e0 l&#039;ECREVIS - L&#039;ECREVIS<\/title>\n<meta name=\"robots\" content=\"index, follow, max-snippet:-1, max-image-preview:large, max-video-preview:-1\" \/>\n<link rel=\"canonical\" href=\"https:\/\/ecrevis.eco\/site\/avenir\/obligations-investir-ecrevis\/\" \/>\n<meta property=\"og:locale\" content=\"fr_FR\" \/>\n<meta property=\"og:type\" content=\"article\" \/>\n<meta property=\"og:title\" content=\"Obligations - Investir \u00e0 l&#039;ECREVIS - L&#039;ECREVIS\" \/>\n<meta property=\"og:description\" content=\"Investissements : les obligations et si vous deveniez notre banque ? Qu&rsquo;est ce qu&rsquo;une obligation ? Comment prendre des obligations ? Apr\u00e8s avoir r\u00e9colt\u00e9 pr\u00e8s de 220 000 \u20ac en obligations, nous avons d\u00e9cid\u00e9 de suspendre l&rsquo;\u00e9mission d&rsquo;obligations ! Si vous souhaitez \u00eatre inform\u00e9 de notre prochaine campagne, merci de vous enregistrer sur la liste [&hellip;]\" \/>\n<meta property=\"og:url\" content=\"https:\/\/ecrevis.eco\/site\/avenir\/obligations-investir-ecrevis\/\" \/>\n<meta property=\"og:site_name\" content=\"L&#039;ECREVIS\" \/>\n<meta property=\"article:publisher\" content=\"https:\/\/www.facebook.com\/ecrevis.annecy\" \/>\n<meta property=\"article:modified_time\" content=\"2025-06-26T12:58:08+00:00\" \/>\n<meta property=\"og:image\" content=\"https:\/\/ecrevis.eco\/site\/wp-content\/uploads\/2023\/04\/futur-ecre.png\" \/>\n\t<meta property=\"og:image:width\" content=\"1650\" \/>\n\t<meta property=\"og:image:height\" content=\"1000\" \/>\n\t<meta property=\"og:image:type\" content=\"image\/png\" \/>\n<meta name=\"twitter:card\" content=\"summary_large_image\" \/>\n<meta name=\"twitter:label1\" content=\"Dur\u00e9e de lecture estim\u00e9e\" \/>\n\t<meta name=\"twitter:data1\" content=\"5 minutes\" \/>\n<script type=\"application\/ld+json\" class=\"yoast-schema-graph\">{\"@context\":\"https:\/\/schema.org\",\"@graph\":[{\"@type\":\"WebPage\",\"@id\":\"https:\/\/ecrevis.eco\/site\/avenir\/obligations-investir-ecrevis\/\",\"url\":\"https:\/\/ecrevis.eco\/site\/avenir\/obligations-investir-ecrevis\/\",\"name\":\"Obligations - Investir \u00e0 l'ECREVIS - L&#039;ECREVIS\",\"isPartOf\":{\"@id\":\"https:\/\/ecrevis.eco\/site\/#website\"},\"primaryImageOfPage\":{\"@id\":\"https:\/\/ecrevis.eco\/site\/avenir\/obligations-investir-ecrevis\/#primaryimage\"},\"image\":{\"@id\":\"https:\/\/ecrevis.eco\/site\/avenir\/obligations-investir-ecrevis\/#primaryimage\"},\"thumbnailUrl\":\"https:\/\/ecrevis.eco\/site\/wp-content\/uploads\/2023\/04\/futur-ecre-1024x621.png\",\"datePublished\":\"2023-04-13T13:08:17+00:00\",\"dateModified\":\"2025-06-26T12:58:08+00:00\",\"breadcrumb\":{\"@id\":\"https:\/\/ecrevis.eco\/site\/avenir\/obligations-investir-ecrevis\/#breadcrumb\"},\"inLanguage\":\"fr-FR\",\"potentialAction\":[{\"@type\":\"ReadAction\",\"target\":[\"https:\/\/ecrevis.eco\/site\/avenir\/obligations-investir-ecrevis\/\"]}]},{\"@type\":\"ImageObject\",\"inLanguage\":\"fr-FR\",\"@id\":\"https:\/\/ecrevis.eco\/site\/avenir\/obligations-investir-ecrevis\/#primaryimage\",\"url\":\"https:\/\/ecrevis.eco\/site\/wp-content\/uploads\/2023\/04\/futur-ecre.png\",\"contentUrl\":\"https:\/\/ecrevis.eco\/site\/wp-content\/uploads\/2023\/04\/futur-ecre.png\",\"width\":1650,\"height\":1000},{\"@type\":\"BreadcrumbList\",\"@id\":\"https:\/\/ecrevis.eco\/site\/avenir\/obligations-investir-ecrevis\/#breadcrumb\",\"itemListElement\":[{\"@type\":\"ListItem\",\"position\":1,\"name\":\"Accueil\",\"item\":\"https:\/\/ecrevis.eco\/site\/\"},{\"@type\":\"ListItem\",\"position\":2,\"name\":\"AVENIR\",\"item\":\"https:\/\/ecrevis.eco\/site\/avenir\/\"},{\"@type\":\"ListItem\",\"position\":3,\"name\":\"Obligations &#8211; Investir \u00e0 l&rsquo;ECREVIS\"}]},{\"@type\":\"WebSite\",\"@id\":\"https:\/\/ecrevis.eco\/site\/#website\",\"url\":\"https:\/\/ecrevis.eco\/site\/\",\"name\":\"L'ECREVIS\",\"description\":\"\",\"publisher\":{\"@id\":\"https:\/\/ecrevis.eco\/site\/#organization\"},\"potentialAction\":[{\"@type\":\"SearchAction\",\"target\":{\"@type\":\"EntryPoint\",\"urlTemplate\":\"https:\/\/ecrevis.eco\/site\/?s={search_term_string}\"},\"query-input\":{\"@type\":\"PropertyValueSpecification\",\"valueRequired\":true,\"valueName\":\"search_term_string\"}}],\"inLanguage\":\"fr-FR\"},{\"@type\":\"Organization\",\"@id\":\"https:\/\/ecrevis.eco\/site\/#organization\",\"name\":\"L'ECREVIS\",\"url\":\"https:\/\/ecrevis.eco\/site\/\",\"logo\":{\"@type\":\"ImageObject\",\"inLanguage\":\"fr-FR\",\"@id\":\"https:\/\/ecrevis.eco\/site\/#\/schema\/logo\/image\/\",\"url\":\"https:\/\/ecrevis.eco\/site\/wp-content\/uploads\/2019\/03\/cropped-LOGO-E-CRE-VIS-BLEU-1.jpg\",\"contentUrl\":\"https:\/\/ecrevis.eco\/site\/wp-content\/uploads\/2019\/03\/cropped-LOGO-E-CRE-VIS-BLEU-1.jpg\",\"width\":1529,\"height\":1174,\"caption\":\"L'ECREVIS\"},\"image\":{\"@id\":\"https:\/\/ecrevis.eco\/site\/#\/schema\/logo\/image\/\"},\"sameAs\":[\"https:\/\/www.facebook.com\/ecrevis.annecy\",\"https:\/\/www.instagram.com\/ecrevis.annecy\",\"https:\/\/www.linkedin.com\/company\/ecrevisannecy\/\"]}]}<\/script>\n<!-- \/ Yoast SEO plugin. -->","yoast_head_json":{"title":"Obligations - Investir \u00e0 l'ECREVIS - L&#039;ECREVIS","robots":{"index":"index","follow":"follow","max-snippet":"max-snippet:-1","max-image-preview":"max-image-preview:large","max-video-preview":"max-video-preview:-1"},"canonical":"https:\/\/ecrevis.eco\/site\/avenir\/obligations-investir-ecrevis\/","og_locale":"fr_FR","og_type":"article","og_title":"Obligations - Investir \u00e0 l'ECREVIS - L&#039;ECREVIS","og_description":"Investissements : les obligations et si vous deveniez notre banque ? Qu&rsquo;est ce qu&rsquo;une obligation ? Comment prendre des obligations ? Apr\u00e8s avoir r\u00e9colt\u00e9 pr\u00e8s de 220 000 \u20ac en obligations, nous avons d\u00e9cid\u00e9 de suspendre l&rsquo;\u00e9mission d&rsquo;obligations ! Si vous souhaitez \u00eatre inform\u00e9 de notre prochaine campagne, merci de vous enregistrer sur la liste [&hellip;]","og_url":"https:\/\/ecrevis.eco\/site\/avenir\/obligations-investir-ecrevis\/","og_site_name":"L&#039;ECREVIS","article_publisher":"https:\/\/www.facebook.com\/ecrevis.annecy","article_modified_time":"2025-06-26T12:58:08+00:00","og_image":[{"width":1650,"height":1000,"url":"https:\/\/ecrevis.eco\/site\/wp-content\/uploads\/2023\/04\/futur-ecre.png","type":"image\/png"}],"twitter_card":"summary_large_image","twitter_misc":{"Dur\u00e9e de lecture estim\u00e9e":"5 minutes"},"schema":{"@context":"https:\/\/schema.org","@graph":[{"@type":"WebPage","@id":"https:\/\/ecrevis.eco\/site\/avenir\/obligations-investir-ecrevis\/","url":"https:\/\/ecrevis.eco\/site\/avenir\/obligations-investir-ecrevis\/","name":"Obligations - Investir \u00e0 l'ECREVIS - L&#039;ECREVIS","isPartOf":{"@id":"https:\/\/ecrevis.eco\/site\/#website"},"primaryImageOfPage":{"@id":"https:\/\/ecrevis.eco\/site\/avenir\/obligations-investir-ecrevis\/#primaryimage"},"image":{"@id":"https:\/\/ecrevis.eco\/site\/avenir\/obligations-investir-ecrevis\/#primaryimage"},"thumbnailUrl":"https:\/\/ecrevis.eco\/site\/wp-content\/uploads\/2023\/04\/futur-ecre-1024x621.png","datePublished":"2023-04-13T13:08:17+00:00","dateModified":"2025-06-26T12:58:08+00:00","breadcrumb":{"@id":"https:\/\/ecrevis.eco\/site\/avenir\/obligations-investir-ecrevis\/#breadcrumb"},"inLanguage":"fr-FR","potentialAction":[{"@type":"ReadAction","target":["https:\/\/ecrevis.eco\/site\/avenir\/obligations-investir-ecrevis\/"]}]},{"@type":"ImageObject","inLanguage":"fr-FR","@id":"https:\/\/ecrevis.eco\/site\/avenir\/obligations-investir-ecrevis\/#primaryimage","url":"https:\/\/ecrevis.eco\/site\/wp-content\/uploads\/2023\/04\/futur-ecre.png","contentUrl":"https:\/\/ecrevis.eco\/site\/wp-content\/uploads\/2023\/04\/futur-ecre.png","width":1650,"height":1000},{"@type":"BreadcrumbList","@id":"https:\/\/ecrevis.eco\/site\/avenir\/obligations-investir-ecrevis\/#breadcrumb","itemListElement":[{"@type":"ListItem","position":1,"name":"Accueil","item":"https:\/\/ecrevis.eco\/site\/"},{"@type":"ListItem","position":2,"name":"AVENIR","item":"https:\/\/ecrevis.eco\/site\/avenir\/"},{"@type":"ListItem","position":3,"name":"Obligations &#8211; Investir \u00e0 l&rsquo;ECREVIS"}]},{"@type":"WebSite","@id":"https:\/\/ecrevis.eco\/site\/#website","url":"https:\/\/ecrevis.eco\/site\/","name":"L'ECREVIS","description":"","publisher":{"@id":"https:\/\/ecrevis.eco\/site\/#organization"},"potentialAction":[{"@type":"SearchAction","target":{"@type":"EntryPoint","urlTemplate":"https:\/\/ecrevis.eco\/site\/?s={search_term_string}"},"query-input":{"@type":"PropertyValueSpecification","valueRequired":true,"valueName":"search_term_string"}}],"inLanguage":"fr-FR"},{"@type":"Organization","@id":"https:\/\/ecrevis.eco\/site\/#organization","name":"L'ECREVIS","url":"https:\/\/ecrevis.eco\/site\/","logo":{"@type":"ImageObject","inLanguage":"fr-FR","@id":"https:\/\/ecrevis.eco\/site\/#\/schema\/logo\/image\/","url":"https:\/\/ecrevis.eco\/site\/wp-content\/uploads\/2019\/03\/cropped-LOGO-E-CRE-VIS-BLEU-1.jpg","contentUrl":"https:\/\/ecrevis.eco\/site\/wp-content\/uploads\/2019\/03\/cropped-LOGO-E-CRE-VIS-BLEU-1.jpg","width":1529,"height":1174,"caption":"L'ECREVIS"},"image":{"@id":"https:\/\/ecrevis.eco\/site\/#\/schema\/logo\/image\/"},"sameAs":["https:\/\/www.facebook.com\/ecrevis.annecy","https:\/\/www.instagram.com\/ecrevis.annecy","https:\/\/www.linkedin.com\/company\/ecrevisannecy\/"]}]}},"_links":{"self":[{"href":"https:\/\/ecrevis.eco\/site\/wp-json\/wp\/v2\/pages\/5502"}],"collection":[{"href":"https:\/\/ecrevis.eco\/site\/wp-json\/wp\/v2\/pages"}],"about":[{"href":"https:\/\/ecrevis.eco\/site\/wp-json\/wp\/v2\/types\/page"}],"author":[{"embeddable":true,"href":"https:\/\/ecrevis.eco\/site\/wp-json\/wp\/v2\/users\/4"}],"replies":[{"embeddable":true,"href":"https:\/\/ecrevis.eco\/site\/wp-json\/wp\/v2\/comments?post=5502"}],"version-history":[{"count":33,"href":"https:\/\/ecrevis.eco\/site\/wp-json\/wp\/v2\/pages\/5502\/revisions"}],"predecessor-version":[{"id":6697,"href":"https:\/\/ecrevis.eco\/site\/wp-json\/wp\/v2\/pages\/5502\/revisions\/6697"}],"up":[{"embeddable":true,"href":"https:\/\/ecrevis.eco\/site\/wp-json\/wp\/v2\/pages\/4868"}],"wp:attachment":[{"href":"https:\/\/ecrevis.eco\/site\/wp-json\/wp\/v2\/media?parent=5502"}],"curies":[{"name":"wp","href":"https:\/\/api.w.org\/{rel}","templated":true}]}}