{"id":5818,"date":"2023-06-01T18:16:26","date_gmt":"2023-06-01T16:16:26","guid":{"rendered":"https:\/\/ecrevis.eco\/site\/?page_id=5818"},"modified":"2025-10-06T14:29:42","modified_gmt":"2025-10-06T12:29:42","slug":"bureaux-partages-formation","status":"publish","type":"page","link":"https:\/\/ecrevis.eco\/site\/bureaux-partages-formation\/","title":{"rendered":"Bureaux partag\u00e9s, location de salle, espace de cotravail et formation"},"content":{"rendered":"\t\t<div data-elementor-type=\"wp-page\" data-elementor-id=\"5818\" class=\"elementor elementor-5818\">\n\t\t\t\t\t\t<section class=\"elementor-section elementor-top-section elementor-element elementor-element-500dd468 elementor-section-boxed elementor-section-height-default elementor-section-height-default\" data-id=\"500dd468\" data-element_type=\"section\">\n\t\t\t\t\t\t<div class=\"elementor-container elementor-column-gap-default\">\n\t\t\t\t\t<div class=\"elementor-column elementor-col-100 elementor-top-column elementor-element elementor-element-a13b922\" data-id=\"a13b922\" data-element_type=\"column\">\n\t\t\t<div class=\"elementor-widget-wrap elementor-element-populated\">\n\t\t\t\t\t\t<div class=\"elementor-element elementor-element-14bbef7c elementor-widget elementor-widget-text-editor\" data-id=\"14bbef7c\" data-element_type=\"widget\" data-widget_type=\"text-editor.default\">\n\t\t\t\t<div class=\"elementor-widget-container\">\n\t\t\t\t\t\t\t\t\t\n<h1 class=\"wp-block-heading has-text-align-center has-large-font-size\">1er ETAGE<br \/>BUREAUX PARTAGES, LOCATION DE SALLE, ESPACE DE COTRAVAIL ET FORMATION<\/h1>\n\n<div class=\"wp-block-spacer\" style=\"height: 62px;\" aria-hidden=\"true\">\u00a0<\/div>\n\n<h2 class=\"wp-block-heading has-text-align-center\" style=\"font-size: 24px;\"><mark class=\"has-inline-color\" style=\"background-color: rgba(0, 0, 0, 0); color: #004fa4;\">Cr\u00e9er un espace de travail professionnel et confortable, favorisant l&rsquo;entraide, la collaboration et les synergies de tous types<\/mark><\/h2>\n\n<div class=\"wp-block-spacer\" style=\"height: 81px;\" aria-hidden=\"true\">\u00a0<\/div>\n\n<h3 class=\"wp-block-heading\" style=\"font-size: 22px;\"><mark class=\"has-inline-color\" style=\"background-color: rgba(0, 0, 0, 0); color: #f17420;\">ESPACES EN LOCATION LONGUE DUR\u00c9E<\/mark><\/h3>\n\n<p style=\"font-size: 16px;\">Nous proposons plusieurs espaces en location longue dur\u00e9e.<\/p>\n\n<p style=\"font-size: 16px;\">L&rsquo;ECREVIS accueille aujourd&rsquo;hui des professionnel.les qui louent un espace dans le cadre de leur travail. Ce sont des artisan.es, associations, entreprises de l&rsquo;\u00e9conomie sociale et solidaire ou cr\u00e9ateur.ices qui exercent des activit\u00e9s en accord avec nos valeurs.<\/p>\n\n<div class=\"wp-block-media-text alignwide is-stacked-on-mobile\" style=\"grid-template-columns: 55% auto;\">\n<figure class=\"wp-block-media-text__media\"><img fetchpriority=\"high\" decoding=\"async\" width=\"1024\" height=\"765\" class=\"wp-image-5820 size-full\" src=\"https:\/\/ecrevis.eco\/site\/wp-content\/uploads\/2023\/06\/645e53441586570d113564cf-1024x765.png\" alt=\"\" srcset=\"https:\/\/ecrevis.eco\/site\/wp-content\/uploads\/2023\/06\/645e53441586570d113564cf-1024x765.png 1024w, https:\/\/ecrevis.eco\/site\/wp-content\/uploads\/2023\/06\/645e53441586570d113564cf-300x224.png 300w, https:\/\/ecrevis.eco\/site\/wp-content\/uploads\/2023\/06\/645e53441586570d113564cf-768x574.png 768w, https:\/\/ecrevis.eco\/site\/wp-content\/uploads\/2023\/06\/645e53441586570d113564cf.png 1224w\" sizes=\"(max-width: 1024px) 100vw, 1024px\" \/><\/figure>\n<div class=\"wp-block-media-text__content\">\n<p style=\"font-size: 16px;\">S\u2019installer \u00e0 l\u2019ECREVIS c\u2019est avant tout rejoindre un lieu plein de vie et orient\u00e9 sur la cr\u00e9ation de liens, la collaboration et le partage.<\/p>\n\n<p style=\"font-size: 16px;\"><br \/><strong>Pour plus d\u2019informations, contactez nous \u00e0 residencelocationespace@ecrevis.eco, venez sur place \u00e0 l\u2019ECREVIS pour une visite et un temps d\u2019\u00e9change sur les espaces en location.<\/strong>\u00a0<\/p>\n\n<div class=\"wp-block-buttons is-layout-flex wp-block-buttons-is-layout-flex\">\n<div class=\"wp-block-button\"><a class=\"wp-block-button__link has-background wp-element-button\" style=\"background-color: #4054b2;\" href=\"https:\/\/ecrevis.eco\/site\/residences-professionnelles-a-lecrevis\/\">D\u00e9couvrez nos r\u00e9sident.es actuel.les<\/a><\/div>\n<\/div>\n<\/div>\n<\/div>\n\n<div class=\"wp-block-spacer\" style=\"height: 42px;\" aria-hidden=\"true\">\u00a0<\/div>\n\n<h3 class=\"wp-block-heading\" style=\"font-size: 22px;\"><mark class=\"has-inline-color\" style=\"background-color: rgba(0, 0, 0, 0); color: #f17420;\">UN ESPACE DE COTRAVAIL (co-working)<\/mark><\/h3>\n\n<div class=\"wp-block-spacer\" style=\"height: 21px;\" aria-hidden=\"true\">\u00a0<\/div>\n\n<div class=\"wp-block-media-text alignwide has-media-on-the-right is-stacked-on-mobile\" style=\"grid-template-columns: auto 48%;\">\n<div class=\"wp-block-media-text__content\">\n<p style=\"font-size: 16px;\">Un espace de cotravail est disponible avec tout le n\u00e9cessaire pour travailler dans les meilleures conditions : un espace de travail calme, une bonne connexion internet (fibre), une imprimante et un coin caf\u00e9\/th\u00e9 partag\u00e9.<\/p>\n\n<p style=\"font-size: 16px;\"><strong>Accessible \u00e0 la journ\u00e9e ou la demi-journ\u00e9e ainsi qu\u2019en r\u00e9sidence mensuelle avec un acc\u00e8s libre.<\/strong><\/p>\n\n<p style=\"font-size: 16px;\">Si \u00e7a vous int\u00e9resse, merci de nous contacter via cotravail@ecrevis.eco ou de remplir le formulaire suivant : <a href=\"https:\/\/framaforms.org\/reserver-un-espace-de-cotravail-a-lecrevis-1708634938\">https:\/\/framaforms.org\/reserver-un-espace-de-cotravail-a-lecrevis-1708634938 \u00a0<\/a><\/p>\n<\/div>\n<figure class=\"wp-block-media-text__media\"><img decoding=\"async\" width=\"1024\" height=\"683\" class=\"wp-image-6108 size-full\" src=\"https:\/\/ecrevis.eco\/site\/wp-content\/uploads\/2024\/03\/Co-travail-transfo-1-1024x683.jpg\" alt=\"\" srcset=\"https:\/\/ecrevis.eco\/site\/wp-content\/uploads\/2024\/03\/Co-travail-transfo-1-1024x683.jpg 1024w, https:\/\/ecrevis.eco\/site\/wp-content\/uploads\/2024\/03\/Co-travail-transfo-1-300x200.jpg 300w, https:\/\/ecrevis.eco\/site\/wp-content\/uploads\/2024\/03\/Co-travail-transfo-1-768x512.jpg 768w, https:\/\/ecrevis.eco\/site\/wp-content\/uploads\/2024\/03\/Co-travail-transfo-1-1536x1024.jpg 1536w, https:\/\/ecrevis.eco\/site\/wp-content\/uploads\/2024\/03\/Co-travail-transfo-1-scaled.jpg 2048w\" sizes=\"(max-width: 1024px) 100vw, 1024px\" \/><\/figure>\n<\/div>\n\n<div class=\"wp-block-spacer\" style=\"height: 81px;\" aria-hidden=\"true\">\u00a0<\/div>\n\n<h3 class=\"wp-block-heading\" style=\"font-size: 22px;\"><mark class=\"has-inline-color\" style=\"background-color: rgba(0, 0, 0, 0); color: #f17420;\">UNE SALLE DE REUNION, FORMATION, S\u00c9MINAIRE&#8230;<\/mark><\/h3>\n\n<div class=\"wp-block-spacer\" style=\"height: 21px;\" aria-hidden=\"true\">\u00a0<\/div>\n\n<div class=\"wp-block-media-text alignwide is-stacked-on-mobile\" style=\"grid-template-columns: 36% auto;\">\n<figure class=\"wp-block-media-text__media\"><img decoding=\"async\" width=\"540\" height=\"391\" class=\"wp-image-6653 size-full\" src=\"https:\/\/ecrevis.eco\/site\/wp-content\/uploads\/2025\/06\/Capture-decran-2025-06-25-112304.png\" alt=\"\" srcset=\"https:\/\/ecrevis.eco\/site\/wp-content\/uploads\/2025\/06\/Capture-decran-2025-06-25-112304.png 540w, https:\/\/ecrevis.eco\/site\/wp-content\/uploads\/2025\/06\/Capture-decran-2025-06-25-112304-300x217.png 300w\" sizes=\"(max-width: 540px) 100vw, 540px\" \/><\/figure>\n<div class=\"wp-block-media-text__content\">\n<p style=\"font-size: 16px;\">Nous vous proposons notre salle \u00ab\u00a0transfo\u00a0\u00bb de 35 m\u00b2 pour vous accueillir collectivement. Cet espace tout \u00e9quip\u00e9 (tables, chaises, vid\u00e9oprojecteur) est disponible \u00e0 la journ\u00e9e, \u00e0 la demi-journ\u00e9e ou en soir\u00e9e. Elle b\u00e9n\u00e9ficie en plus d\u2019une vue extraordinaire sur nos montagnes. Pour plus de renseignements, nous contacter \u00e0 salletransfo@ecrevis.eco. <br \/>Si cet espace vous int\u00e9resse, merci de compl\u00e9ter le formulaire suivant : <a href=\"https:\/\/framaforms.org\/organiser-un-atelier-une-activite-une-reunion-a-lecrevis-1746805404\">https:\/\/framaforms.org\/organiser-un-atelier-une-reunion-un-evenement-a-lecrevis-1746805404 <\/a><\/p>\n<\/div>\n<\/div>\n\n<div class=\"wp-block-spacer\" style=\"height: 81px;\" aria-hidden=\"true\">\u00a0<\/div>\n\t\t\t\t\t\t\t\t<\/div>\n\t\t\t\t<\/div>\n\t\t\t\t\t<\/div>\n\t\t<\/div>\n\t\t\t\t\t<\/div>\n\t\t<\/section>\n\t\t\t\t<\/div>\n\t\t","protected":false},"excerpt":{"rendered":"<p>1er ETAGEBUREAUX PARTAGES, LOCATION DE SALLE, ESPACE DE COTRAVAIL ET FORMATION Cr\u00e9er un espace de travail professionnel et confortable, favorisant l&rsquo;entraide, la collaboration et les synergies de tous types ESPACES EN LOCATION LONGUE DUR\u00c9E Nous proposons plusieurs espaces en location longue dur\u00e9e. L&rsquo;ECREVIS accueille aujourd&rsquo;hui des professionnel.les qui louent un espace dans le cadre de [&hellip;]<\/p>\n","protected":false},"author":4,"featured_media":0,"parent":0,"menu_order":0,"comment_status":"closed","ping_status":"closed","template":"","meta":{"ocean_post_layout":"","ocean_both_sidebars_style":"","ocean_both_sidebars_content_width":0,"ocean_both_sidebars_sidebars_width":0,"ocean_sidebar":"0","ocean_second_sidebar":"0","ocean_disable_margins":"enable","ocean_add_body_class":"width800","ocean_shortcode_before_top_bar":"","ocean_shortcode_after_top_bar":"","ocean_shortcode_before_header":"","ocean_shortcode_after_header":"","ocean_has_shortcode":"","ocean_shortcode_after_title":"","ocean_shortcode_before_footer_widgets":"","ocean_shortcode_after_footer_widgets":"","ocean_shortcode_before_footer_bottom":"","ocean_shortcode_after_footer_bottom":"","ocean_display_top_bar":"default","ocean_display_header":"default","ocean_header_style":"","ocean_center_header_left_menu":"0","ocean_custom_header_template":"0","ocean_custom_logo":0,"ocean_custom_retina_logo":0,"ocean_custom_logo_max_width":0,"ocean_custom_logo_tablet_max_width":0,"ocean_custom_logo_mobile_max_width":0,"ocean_custom_logo_max_height":0,"ocean_custom_logo_tablet_max_height":0,"ocean_custom_logo_mobile_max_height":0,"ocean_header_custom_menu":"0","ocean_menu_typo_font_family":"0","ocean_menu_typo_font_subset":"","ocean_menu_typo_font_size":0,"ocean_menu_typo_font_size_tablet":0,"ocean_menu_typo_font_size_mobile":0,"ocean_menu_typo_font_size_unit":"px","ocean_menu_typo_font_weight":"","ocean_menu_typo_font_weight_tablet":"","ocean_menu_typo_font_weight_mobile":"","ocean_menu_typo_transform":"","ocean_menu_typo_transform_tablet":"","ocean_menu_typo_transform_mobile":"","ocean_menu_typo_line_height":0,"ocean_menu_typo_line_height_tablet":0,"ocean_menu_typo_line_height_mobile":0,"ocean_menu_typo_line_height_unit":"","ocean_menu_typo_spacing":0,"ocean_menu_typo_spacing_tablet":0,"ocean_menu_typo_spacing_mobile":0,"ocean_menu_typo_spacing_unit":"","ocean_menu_link_color":"","ocean_menu_link_color_hover":"","ocean_menu_link_color_active":"","ocean_menu_link_background":"","ocean_menu_link_hover_background":"","ocean_menu_link_active_background":"","ocean_menu_social_links_bg":"","ocean_menu_social_hover_links_bg":"","ocean_menu_social_links_color":"","ocean_menu_social_hover_links_color":"","ocean_disable_title":"default","ocean_disable_heading":"default","ocean_post_title":"","ocean_post_subheading":"","ocean_post_title_style":"","ocean_post_title_background_color":"","ocean_post_title_background":0,"ocean_post_title_bg_image_position":"","ocean_post_title_bg_image_attachment":"","ocean_post_title_bg_image_repeat":"","ocean_post_title_bg_image_size":"","ocean_post_title_height":0,"ocean_post_title_bg_overlay":0.5,"ocean_post_title_bg_overlay_color":"","ocean_disable_breadcrumbs":"default","ocean_breadcrumbs_color":"","ocean_breadcrumbs_separator_color":"","ocean_breadcrumbs_links_color":"","ocean_breadcrumbs_links_hover_color":"","ocean_display_footer_widgets":"default","ocean_display_footer_bottom":"default","ocean_custom_footer_template":"0","omw_enable_modal_window":"enable","footnotes":""},"yoast_head":"<!-- This site is optimized with the Yoast SEO plugin v24.5 - https:\/\/yoast.com\/wordpress\/plugins\/seo\/ -->\n<title>Bureaux partag\u00e9s, location de salle, espace de cotravail et formation - L&#039;ECREVIS<\/title>\n<meta name=\"robots\" content=\"index, follow, max-snippet:-1, max-image-preview:large, max-video-preview:-1\" \/>\n<link rel=\"canonical\" href=\"https:\/\/ecrevis.eco\/site\/bureaux-partages-formation\/\" \/>\n<meta property=\"og:locale\" content=\"fr_FR\" \/>\n<meta property=\"og:type\" content=\"article\" \/>\n<meta property=\"og:title\" content=\"Bureaux partag\u00e9s, location de salle, espace de cotravail et formation - L&#039;ECREVIS\" \/>\n<meta property=\"og:description\" content=\"1er ETAGEBUREAUX PARTAGES, LOCATION DE SALLE, ESPACE DE COTRAVAIL ET FORMATION Cr\u00e9er un espace de travail professionnel et confortable, favorisant l&rsquo;entraide, la collaboration et les synergies de tous types ESPACES EN LOCATION LONGUE DUR\u00c9E Nous proposons plusieurs espaces en location longue dur\u00e9e. L&rsquo;ECREVIS accueille aujourd&rsquo;hui des professionnel.les qui louent un espace dans le cadre de [&hellip;]\" \/>\n<meta property=\"og:url\" content=\"https:\/\/ecrevis.eco\/site\/bureaux-partages-formation\/\" \/>\n<meta property=\"og:site_name\" content=\"L&#039;ECREVIS\" \/>\n<meta property=\"article:publisher\" content=\"https:\/\/www.facebook.com\/ecrevis.annecy\" \/>\n<meta property=\"article:modified_time\" content=\"2025-10-06T12:29:42+00:00\" \/>\n<meta property=\"og:image\" content=\"https:\/\/ecrevis.eco\/site\/wp-content\/uploads\/2023\/06\/645e53441586570d113564cf.png\" \/>\n\t<meta property=\"og:image:width\" content=\"1224\" \/>\n\t<meta property=\"og:image:height\" content=\"915\" \/>\n\t<meta property=\"og:image:type\" content=\"image\/png\" \/>\n<meta name=\"twitter:card\" content=\"summary_large_image\" \/>\n<meta name=\"twitter:label1\" content=\"Dur\u00e9e de lecture estim\u00e9e\" \/>\n\t<meta name=\"twitter:data1\" content=\"2 minutes\" \/>\n<script type=\"application\/ld+json\" class=\"yoast-schema-graph\">{\"@context\":\"https:\/\/schema.org\",\"@graph\":[{\"@type\":\"WebPage\",\"@id\":\"https:\/\/ecrevis.eco\/site\/bureaux-partages-formation\/\",\"url\":\"https:\/\/ecrevis.eco\/site\/bureaux-partages-formation\/\",\"name\":\"Bureaux partag\u00e9s, location de salle, espace de cotravail et formation - L&#039;ECREVIS\",\"isPartOf\":{\"@id\":\"https:\/\/ecrevis.eco\/site\/#website\"},\"primaryImageOfPage\":{\"@id\":\"https:\/\/ecrevis.eco\/site\/bureaux-partages-formation\/#primaryimage\"},\"image\":{\"@id\":\"https:\/\/ecrevis.eco\/site\/bureaux-partages-formation\/#primaryimage\"},\"thumbnailUrl\":\"https:\/\/ecrevis.eco\/site\/wp-content\/uploads\/2023\/06\/645e53441586570d113564cf-1024x765.png\",\"datePublished\":\"2023-06-01T16:16:26+00:00\",\"dateModified\":\"2025-10-06T12:29:42+00:00\",\"breadcrumb\":{\"@id\":\"https:\/\/ecrevis.eco\/site\/bureaux-partages-formation\/#breadcrumb\"},\"inLanguage\":\"fr-FR\",\"potentialAction\":[{\"@type\":\"ReadAction\",\"target\":[\"https:\/\/ecrevis.eco\/site\/bureaux-partages-formation\/\"]}]},{\"@type\":\"ImageObject\",\"inLanguage\":\"fr-FR\",\"@id\":\"https:\/\/ecrevis.eco\/site\/bureaux-partages-formation\/#primaryimage\",\"url\":\"https:\/\/ecrevis.eco\/site\/wp-content\/uploads\/2023\/06\/645e53441586570d113564cf.png\",\"contentUrl\":\"https:\/\/ecrevis.eco\/site\/wp-content\/uploads\/2023\/06\/645e53441586570d113564cf.png\",\"width\":1224,\"height\":915},{\"@type\":\"BreadcrumbList\",\"@id\":\"https:\/\/ecrevis.eco\/site\/bureaux-partages-formation\/#breadcrumb\",\"itemListElement\":[{\"@type\":\"ListItem\",\"position\":1,\"name\":\"Accueil\",\"item\":\"https:\/\/ecrevis.eco\/site\/\"},{\"@type\":\"ListItem\",\"position\":2,\"name\":\"Bureaux partag\u00e9s, location de salle, espace de cotravail et formation\"}]},{\"@type\":\"WebSite\",\"@id\":\"https:\/\/ecrevis.eco\/site\/#website\",\"url\":\"https:\/\/ecrevis.eco\/site\/\",\"name\":\"L'ECREVIS\",\"description\":\"\",\"publisher\":{\"@id\":\"https:\/\/ecrevis.eco\/site\/#organization\"},\"potentialAction\":[{\"@type\":\"SearchAction\",\"target\":{\"@type\":\"EntryPoint\",\"urlTemplate\":\"https:\/\/ecrevis.eco\/site\/?s={search_term_string}\"},\"query-input\":{\"@type\":\"PropertyValueSpecification\",\"valueRequired\":true,\"valueName\":\"search_term_string\"}}],\"inLanguage\":\"fr-FR\"},{\"@type\":\"Organization\",\"@id\":\"https:\/\/ecrevis.eco\/site\/#organization\",\"name\":\"L'ECREVIS\",\"url\":\"https:\/\/ecrevis.eco\/site\/\",\"logo\":{\"@type\":\"ImageObject\",\"inLanguage\":\"fr-FR\",\"@id\":\"https:\/\/ecrevis.eco\/site\/#\/schema\/logo\/image\/\",\"url\":\"https:\/\/ecrevis.eco\/site\/wp-content\/uploads\/2019\/03\/cropped-LOGO-E-CRE-VIS-BLEU-1.jpg\",\"contentUrl\":\"https:\/\/ecrevis.eco\/site\/wp-content\/uploads\/2019\/03\/cropped-LOGO-E-CRE-VIS-BLEU-1.jpg\",\"width\":1529,\"height\":1174,\"caption\":\"L'ECREVIS\"},\"image\":{\"@id\":\"https:\/\/ecrevis.eco\/site\/#\/schema\/logo\/image\/\"},\"sameAs\":[\"https:\/\/www.facebook.com\/ecrevis.annecy\",\"https:\/\/www.instagram.com\/ecrevis.annecy\",\"https:\/\/www.linkedin.com\/company\/ecrevisannecy\/\"]}]}<\/script>\n<!-- \/ Yoast SEO plugin. -->","yoast_head_json":{"title":"Bureaux partag\u00e9s, location de salle, espace de cotravail et formation - L&#039;ECREVIS","robots":{"index":"index","follow":"follow","max-snippet":"max-snippet:-1","max-image-preview":"max-image-preview:large","max-video-preview":"max-video-preview:-1"},"canonical":"https:\/\/ecrevis.eco\/site\/bureaux-partages-formation\/","og_locale":"fr_FR","og_type":"article","og_title":"Bureaux partag\u00e9s, location de salle, espace de cotravail et formation - L&#039;ECREVIS","og_description":"1er ETAGEBUREAUX PARTAGES, LOCATION DE SALLE, ESPACE DE COTRAVAIL ET FORMATION Cr\u00e9er un espace de travail professionnel et confortable, favorisant l&rsquo;entraide, la collaboration et les synergies de tous types ESPACES EN LOCATION LONGUE DUR\u00c9E Nous proposons plusieurs espaces en location longue dur\u00e9e. L&rsquo;ECREVIS accueille aujourd&rsquo;hui des professionnel.les qui louent un espace dans le cadre de [&hellip;]","og_url":"https:\/\/ecrevis.eco\/site\/bureaux-partages-formation\/","og_site_name":"L&#039;ECREVIS","article_publisher":"https:\/\/www.facebook.com\/ecrevis.annecy","article_modified_time":"2025-10-06T12:29:42+00:00","og_image":[{"width":1224,"height":915,"url":"https:\/\/ecrevis.eco\/site\/wp-content\/uploads\/2023\/06\/645e53441586570d113564cf.png","type":"image\/png"}],"twitter_card":"summary_large_image","twitter_misc":{"Dur\u00e9e de lecture estim\u00e9e":"2 minutes"},"schema":{"@context":"https:\/\/schema.org","@graph":[{"@type":"WebPage","@id":"https:\/\/ecrevis.eco\/site\/bureaux-partages-formation\/","url":"https:\/\/ecrevis.eco\/site\/bureaux-partages-formation\/","name":"Bureaux partag\u00e9s, location de salle, espace de cotravail et formation - L&#039;ECREVIS","isPartOf":{"@id":"https:\/\/ecrevis.eco\/site\/#website"},"primaryImageOfPage":{"@id":"https:\/\/ecrevis.eco\/site\/bureaux-partages-formation\/#primaryimage"},"image":{"@id":"https:\/\/ecrevis.eco\/site\/bureaux-partages-formation\/#primaryimage"},"thumbnailUrl":"https:\/\/ecrevis.eco\/site\/wp-content\/uploads\/2023\/06\/645e53441586570d113564cf-1024x765.png","datePublished":"2023-06-01T16:16:26+00:00","dateModified":"2025-10-06T12:29:42+00:00","breadcrumb":{"@id":"https:\/\/ecrevis.eco\/site\/bureaux-partages-formation\/#breadcrumb"},"inLanguage":"fr-FR","potentialAction":[{"@type":"ReadAction","target":["https:\/\/ecrevis.eco\/site\/bureaux-partages-formation\/"]}]},{"@type":"ImageObject","inLanguage":"fr-FR","@id":"https:\/\/ecrevis.eco\/site\/bureaux-partages-formation\/#primaryimage","url":"https:\/\/ecrevis.eco\/site\/wp-content\/uploads\/2023\/06\/645e53441586570d113564cf.png","contentUrl":"https:\/\/ecrevis.eco\/site\/wp-content\/uploads\/2023\/06\/645e53441586570d113564cf.png","width":1224,"height":915},{"@type":"BreadcrumbList","@id":"https:\/\/ecrevis.eco\/site\/bureaux-partages-formation\/#breadcrumb","itemListElement":[{"@type":"ListItem","position":1,"name":"Accueil","item":"https:\/\/ecrevis.eco\/site\/"},{"@type":"ListItem","position":2,"name":"Bureaux partag\u00e9s, location de salle, espace de cotravail et formation"}]},{"@type":"WebSite","@id":"https:\/\/ecrevis.eco\/site\/#website","url":"https:\/\/ecrevis.eco\/site\/","name":"L'ECREVIS","description":"","publisher":{"@id":"https:\/\/ecrevis.eco\/site\/#organization"},"potentialAction":[{"@type":"SearchAction","target":{"@type":"EntryPoint","urlTemplate":"https:\/\/ecrevis.eco\/site\/?s={search_term_string}"},"query-input":{"@type":"PropertyValueSpecification","valueRequired":true,"valueName":"search_term_string"}}],"inLanguage":"fr-FR"},{"@type":"Organization","@id":"https:\/\/ecrevis.eco\/site\/#organization","name":"L'ECREVIS","url":"https:\/\/ecrevis.eco\/site\/","logo":{"@type":"ImageObject","inLanguage":"fr-FR","@id":"https:\/\/ecrevis.eco\/site\/#\/schema\/logo\/image\/","url":"https:\/\/ecrevis.eco\/site\/wp-content\/uploads\/2019\/03\/cropped-LOGO-E-CRE-VIS-BLEU-1.jpg","contentUrl":"https:\/\/ecrevis.eco\/site\/wp-content\/uploads\/2019\/03\/cropped-LOGO-E-CRE-VIS-BLEU-1.jpg","width":1529,"height":1174,"caption":"L'ECREVIS"},"image":{"@id":"https:\/\/ecrevis.eco\/site\/#\/schema\/logo\/image\/"},"sameAs":["https:\/\/www.facebook.com\/ecrevis.annecy","https:\/\/www.instagram.com\/ecrevis.annecy","https:\/\/www.linkedin.com\/company\/ecrevisannecy\/"]}]}},"_links":{"self":[{"href":"https:\/\/ecrevis.eco\/site\/wp-json\/wp\/v2\/pages\/5818"}],"collection":[{"href":"https:\/\/ecrevis.eco\/site\/wp-json\/wp\/v2\/pages"}],"about":[{"href":"https:\/\/ecrevis.eco\/site\/wp-json\/wp\/v2\/types\/page"}],"author":[{"embeddable":true,"href":"https:\/\/ecrevis.eco\/site\/wp-json\/wp\/v2\/users\/4"}],"replies":[{"embeddable":true,"href":"https:\/\/ecrevis.eco\/site\/wp-json\/wp\/v2\/comments?post=5818"}],"version-history":[{"count":30,"href":"https:\/\/ecrevis.eco\/site\/wp-json\/wp\/v2\/pages\/5818\/revisions"}],"predecessor-version":[{"id":7084,"href":"https:\/\/ecrevis.eco\/site\/wp-json\/wp\/v2\/pages\/5818\/revisions\/7084"}],"wp:attachment":[{"href":"https:\/\/ecrevis.eco\/site\/wp-json\/wp\/v2\/media?parent=5818"}],"curies":[{"name":"wp","href":"https:\/\/api.w.org\/{rel}","templated":true}]}}